
Calculate the remainder when 379 is divided by 88.
27
What is the remainder when 856106 is divided by 496?
10
Calculate the remainder when 34270 is divided by 445.
5
Calculate the remainder when 24384 is divided by 52.
48
What is the remainder when 23198 is divided by 65?
58
Calculate the remainder when 298305 is divided by 3594.
3
What is the remainder when 995 is divided by 740?
255
Calculate the remainder when 17363 is divided by 1356.
1091
Calculate the remainder when 4389 is divided by 397.
22
Calculate the remainder when 376362 is divided by 94077.
54
What is the remainder when 13481 is divided by 48?
41
What is the remainder when 5794 is divided by 1432?
66
What is the remainder when 366266 is divided by 121?
120
What is the remainder when 49435 is divided by 38?
35
What is the remainder when 12974 is divided by 3689?
1907
What is the remainder when 31821 is divided by 9?
6
Calculate the remainder when 2452357 is divided by 20.
17
What is the remainder when 141433 is divided by 30?
13
What is the remainder when 4465 is divided by 1483?
16
What is the remainder when 9536 is divided by 454?
2
Calculate the remainder when 321911 is divided by 408.
407
Calculate the remainder when 9025 is divided by 9.
7
Calculate the remainder when 1951 is divided by 203.
124
What is the remainder when 8113 is divided by 692?
501
What is the remainder when 635488 is divided by 2775?
13
What is the remainder when 120117 is divided by 40038?
3
What is the remainder when 15573 is divided by 15564?
9
Calculate the remainder when 526881 is divided by 12253.
2
What is the remainder when 1766 is divided by 19?
18
What is the remainder when 17659 is divided by 25?
9
Calculate the remainder when 122463 is divided by 30590.
103
What is the remainder when 1076 is divided by 1071?
5
What is the remainder when 907665 is divided by 38?
35
Calculate the remainder when 4089 is divided by 448.
57
What is the remainder when 11840 is divided by 5692?
456
Calculate the remainder when 35303 is divided by 562.
459
Calculate the remainder when 324965 is divided by 7.
4
Calculate the remainder when 13850 is divided by 39.
5
Calculate the remainder when 1105 is divided by 122.
7
What is the remainder when 736763 is divided by 686?
685
Calculate the remainder when 9492 is divided by 146.
2
Calculate the remainder when 11515 is divided by 508.
339
What is the remainder when 896668 is divided by 486?
484
Calculate the remainder when 34952 is divided by 17434.
84
What is the remainder when 10104 is divided by 64?
56
Calculate the remainder when 31356 is divided by 1306.
12
What is the remainder when 397 is divided by 79?
2
What is the remainder when 22864 is divided by 7586?
106
What is the remainder when 1547550 is divided by 339?
15
What is the remainder when 25652 is divided by 8?
4
Calculate the remainder when 661085 is divided by 292.
289
Calculate the remainder when 4782 is divided by 208.
206
What is the remainder when 97338 is divided by 8?
2
What is the remainder when 960 is divided by 477?
6
What is the remainder when 18290 is divided by 127?
2
What is the remainder when 4933 is divided by 611?
45
What is the remainder when 61180 is divided by 61164?
16
Calculate the remainder when 2773 is divided by 365.
218
Calculate the remainder when 1384 is divided by 371.
271
Calculate the remainder when 110544 is divided by 94.
0
What is the remainder when 3134 is divided by 142?
10
What is the remainder when 3364 is divided by 894?
682
Calculate the remainder when 44458 is divided by 180.
178
What is the remainder when 3652 is divided by 377?
259
What is the remainder when 8188 is divided by 139?
126
What is the remainder when 465 is divided by 70?
45
What is the remainder when 21822 is divided by 88?
86
Calculate the remainder when 210019 is divided by 585.
4
What is the remainder when 5053 is divided by 235?
118
Calculate the remainder when 74700 is divided by 37336.
28
Calculate the remainder when 22315 is divided by 4.
3
Calculate the remainder when 2824 is divided by 999.
826
Calculate the remainder when 10707 is divided by 966.
81
Calculate the remainder when 347744 is divided by 1070.
1064
What is the remainder when 110505 is divided by 2908?
1
What is the remainder when 1813571 is divided by 562?
559
What is the remainder when 7952 is divided by 1985?
12
What is the remainder when 14761 is divided by 4820?
301
Calculate the remainder when 214351 is divided by 122.
119
What is the remainder when 56660 is divided by 52?
32
Calculate the remainder when 3499 is divided by 3118.
381
What is the remainder when 92619 is divided by 35?
9
Calculate the remainder when 21338 is divided by 1798.
1560
Calculate the remainder when 22353 is divided by 246.
213
What is the remainder when 151554 is divided by 401?
377
What is the remainder when 1363 is divided by 627?
109
What is the remainder when 3958 is divided by 1282?
112
What is the remainder when 7224 is divided by 4?
0
What is the remainder when 92295 is divided by 183?
63
What is the remainder when 334833 is divided by 4?
1
Calculate the remainder when 5626 is divided by 4757.
869
What is the remainder when 40299 is divided by 211?
209
What is the remainder when 129996 is divided by 52?
48
What is the remainder when 554186 is divided by 89?
72
Calculate the remainder when 60854 is divided by 20278.
20
Calculate the remainder when 4893 is divided by 1600.
93
Calculate the remainder when 89328 is divided by 11.
8
What is the remainder when 258741 is divided by 208?
197
What is the remainder when 110716 is divided by 1538?
1518
What is the remainder when 18098 is divided by 9006?
86
What is the remainder when 30979 is divided by 175?
4
Calculate the remainder when 22696 is divided by 124.
4
What is the remainder when 33179 is divided by 2761?
47
What is the remainder when 61161 is divided by 3822?
9
What is the remainder when 156963 is divided by 892?
863
What is the remainder when 93624 is divided by 2033?
106
What is the remainder when 139955 is divided by 41?
22
What is the remainder when 9338 is divided by 48?
26
What is the remainder when 5603 is divided by 222?
53
What is the remainder when 8403 is divided by 204?
39
Calculate the remainder when 71776 is divided by 71750.
26
Calculate the remainder when 4541 is divided by 193.
102
Calculate the remainder when 39488 is divided by 7894.
18
Calculate the remainder when 23307 is divided by 222.
219
What is the remainder when 66528 is divided by 67?
64
Calculate the remainder when 6900 is divided by 181.
22
Calculate the remainder when 33596 is divided by 40.
36
Calculate the remainder when 674694 is divided by 4785.
9
Calculate the remainder when 21613 is divided by 5400.
13
What is the remainder when 82641 is divided by 41309?
23
Calculate the remainder when 38822 is divided by 85.
62
Calculate the remainder when 49699 is divided by 2068.
67
Calculate the remainder when 35783 is divided by 121.
88
Calculate the remainder when 10729 is divided by 1182.
91
Calculate the remainder when 13173 is divided by 54.
51
Calculate the remainder when 1998304 is divided by 332.
328
Calculate the remainder when 3597 is divided by 221.
61
Calculate the remainder when 472117 is divided by 236047.
23
What is the remainder when 185386 is divided by 92649?
88
What is the remainder when 117576 is divided by 69?
0
Calculate the remainder when 44932 is divided by 22373.
186
What is the remainder when 81116 is divided by 16?
12
What is the remainder when 3097 is divided by 112?
73
What is the remainder when 178063 is divided by 553?
550
What is the remainder when 858 is divided by 768?
90
Calculate the remainder when 488 is divided by 478.
10
What is the remainder when 14115 is divided by 6?
3
Calculate the remainder when 40425 is divided by 4019.
235
What is the remainder when 15856 is divided by 50?
6
Calculate the remainder when 34665 is divided by 34592.
73
Calculate the remainder when 4009 is divided by 501.
1
Calculate the remainder when 18921 is divided by 52.
45
Calculate the remainder when 884 is divided by 40.
4
What is the remainder when 15870 is divided by 159?
129
What is the remainder when 7272 is divided by 91?
83
What is the remainder when 1978 is divided by 319?
64
What is the remaind